Let y be k(g). What is the greatest common divisor of 22 and y?
22
Suppose 3*y + 5*v = 25, -y = v + 3*v + 1. Let z be 660/25*y/6. Let q(r) = 5*r**2 - 4*r + 9. Let d be q(6). What is the greatest common divisor of z and d?
33
Let n be (-3)/(-6) - 2322/4. Let u be ((-12)/(-24))/(2/n). Let p = u - -257. Calculate the highest common divisor of p and 28.
28
Suppose 7*u - 179 = 115. What is the greatest common factor of 63 and u?
21
Let l(c) = c + 4. Let n be l(-3). Calculate the greatest common factor of 11 and n.
1
Suppose 3*y - 24 = -y - 2*n, -5*n = 3*y - 32. Let u = 5 - y. Let p(j) = j - 24. Let c be p(29). Calculate the greatest common factor of c and u.
1
Let c be (-740)/(-14) - (-1 - -5)/(-28). What is the highest common factor of 159 and c?
53
Let c(z) = -2*z**2 + 56*z + 18. Let m be c(28). What is the highest common factor of 153 and m?
9
Let p be 8 - 7/(-1) - -2. Calculate the highest common factor of 323 and p.
17
Let d = -539 + 575. Calculate the highest common factor of d and 972.
36
Let i = 582 - 542. What is the highest common factor of i and 1420?
20
Suppose 3*r - 5*h = 259, -198 = -2*r - 5*h + 2*h. Suppose -3*t = -r - 0. Calculate the greatest common factor of t and 279.
31
Suppose -261*s + 272*s - 264 = 0. Calculate the highest common factor of s and 972.
12
Let l(i) = 1. Let g(v) = 89*v - 2. Let u(q) = -g(q) - 2*l(q). Let o be u(-1). Let m = o + -49. What is the greatest common divisor of m and 8?
8
Let j(f) = f**3 - 4*f**2 + 4. Let v be j(4). Suppose v*u - 43 = -5*c, 5*u = 4*c - c - 11. Calculate the highest common divisor of c and 14.
7
Let d be (((-11)/(-4))/((-11)/(-132)))/(-1). Suppose 0*s - 3*s = 375. Let q = d - s. Calculate the highest common divisor of q and 23.
23
Let p be 4*5/(-10) + 29. Suppose -5*g + r + 3*r = -1080, 2*r = 0. What is the highest common divisor of g and p?
27
Let x be -2*(4 - -7)*2/(-4). What is the highest common factor of x and 77?
11
Let y = 0 + 3. Suppose -y*h + 2 + 4 = 0. Let z = 122 - h. What is the greatest common factor of z and 48?
24
Let u(a) = -a**3 + 12*a**2 - 17*a + 13. Let t(h) = h + 1. Let b(p) = -t(p) + u(p). Let n be b(10). Calculate the highest common factor of n and 8.
8
Let v be -35*(-7)/21*3. Suppose 8*l - v*l = -270. Let w = -130 + 230. Calculate the highest common factor of l and w.
10
Let i = 72 + -36. Calculate the greatest common divisor of i and 16.
4
Suppose -5*w = n + 2 + 8, 5*w = -3*n - 10. Suppose n = -0*f + f + 3. Let h = 10 - f. What is the highest common divisor of 26 and h?
13
Let u = -187 - -133. Let v = -25 - u. Calculate the greatest common divisor of v and 319.
29
Suppose -3*d - 5*c = -5182, d - 18*c + 23*c - 1714 = 0. Calculate the greatest common factor of 102 and d.
102
Suppose 5*t - 34 = -y, 0 = -40*t + 38*t + y + 8. What is the greatest common factor of t and 78?
6
Let r(h) = -h**3 - 4*h**2 + 3*h + 1. Let x be r(-5). Let m = -469 + 491. Calculate the highest common factor of m and x.
11
Let p(w) = w**3 - 14*w**2 + 38*w + 24. Let j be p(10). Let k(z) = 5*z - 13. Let d be k(13). Calculate the greatest common factor of j and d.
4
Suppose 15*r + 13*r - 8064 = 0. What is the highest common factor of 8 and r?
8
Let s = -101 - -103. Let n be ((-3)/2 + 1)*-2. What is the greatest common divisor of s and n?
1
Suppose -14*h + 9*h = 5. Let r be (h*33)/(9 - 8). Let w = r + 93. What is the highest common factor of w and 20?
20
Suppose 4*j = -5*h - 25 + 254, -h + 2*j = -43. What is the greatest common divisor of 60 and h?
15
Let h be (-55)/3 + 3/9. Let k = -15 - h. Let m be k - ((0 - 2) + 4). What is the greatest common divisor of m and 2?
1
Let h(t) = -6*t**3 + t**2 + t. Let c be h(-1). What is the greatest common divisor of c and 9?
3
Let p be (171/38)/(3/16). What is the highest common factor of p and 8?
8
Suppose 7*u = 3*u + 5*k + 110, 0 = -5*u - 5*k + 160. Calculate the highest common factor of 12 and u.
6
Let r(g) = -38*g - 41. Let o be r(-2). What is the greatest common divisor of o and 10?
5
Suppose 5*w - 39 = 211. Suppose 0 = -t - t + 20. Calculate the highest common factor of t and w.
10
Suppose -4*a - 22 = -2*d - 2*a, d - 5*a = 27. Let p be 546/70 - 8/10. Let k(u) = 6*u - 14. Let m be k(p). Calculate the highest common factor of m and d.
7
Suppose l - 53 = -3*p, 4*p = 2*p + 4*l + 26. Let g = p + -14. Calculate the greatest common divisor of 6 and g.
3
Let r(l) = -l**3 - 5*l**2 - 4*l + 3 + 3*l**2 + 10*l**2. Let s be r(7). Let g be 48/88 - 82/(-11). What is the highest common factor of g and s?
8
Let b(q) = -2*q + 4. Let g be b(10). Let u = 16 - g. Calculate the highest common divisor of u and 160.
32
Suppose 3*j - 4*y - 162 = 2*j, 4*y = 0. Calculate the highest common factor of j and 6.
6
Suppose -2*q + 198 = -q. Suppose 0 = 4*r - 3*n - 63, 0*n = r - 2*n - 22. Let c be (-3)/18 + 218/r. What is the highest common divisor of q and c?
18
Suppose 3*p - 27 = -0*p. Let l = 229 + -105. Suppose l = 5*h + 34. What is the highest common divisor of h and p?
9
Suppose 29*b - 81 = 20*b. What is the highest common divisor of b and 279?
9
Let s(r) = -r**2 + 8*r - 5. Let f be s(5). Let g = 32 - 30. Calculate the highest common divisor of g and f.
2
Let w be (38/95)/(1/250). What is the highest common divisor of 16 and w?
4
Let w be ((-237)/(-6))/((-1)/2). Let r(g) = 14*g - 2. Let o be r(12). Let z = w + o. What is the greatest common divisor of z and 29?
29
Let d(a) = 2 - 4 - 12 + 4*a. Suppose 8*b - 70 = 3*b. Let z be d(b). Calculate the highest common divisor of 14 and z.
14
Suppose -108*m - 4550 = -115*m. Calculate the greatest common divisor of m and 26.
26
Let y = -281 - -308. Calculate the highest common divisor of y and 6.
3
Suppose -2*i = -7*i + 35. Let l(b) = -b + 12. Let m be l(i). Suppose -r - 40 = -2*h + m, 3 = r. What is the greatest common divisor of h and 8?
8
Suppose b - 10*n + 8*n - 256 = 0, 4*n + 768 = 3*b. Calculate the greatest common divisor of b and 32.
32
Suppose -8*x = -4*x - 60. Suppose -x = 2*w + w. Let r(u) = 9*u**2 + 3*u - 1. Let h be r(w). Calculate the greatest common divisor of h and 19.
19
Suppose 7*p - 8*p - 2*c + 21 = 0, p - 21 = -c. What is the highest common divisor of p and 27?
3
Suppose 4*c - 7*c = 15. Let g be 1/2*-8*-1 - c. Calculate the highest common divisor of g and 9.
9
Let u = -810 - -2823. Calculate the greatest common divisor of u and 33.
33
Suppose -2*m + 58 = 2. Let p be 4/(m/3)*7. Suppose 4*h - 18 = p*c, 3*h = 2*c - 4*c + 22. Calculate the greatest common factor of 42 and h.
6
Let b = 407 - 110. Calculate the greatest common divisor of 11 and b.
11
Let c = -1578 - -1668. What is the greatest common divisor of 54 and c?
18
Suppose 0 = 85*k - 35*k - 12000. Calculate the greatest common factor of 150 and k.
30
Let f be 73 + (-3 - (-6 + 10)). Calculate the highest common divisor of 176 and f.
22
Let v = 107 - 58. Let y = v - 39. Calculate the highest common factor of y and 10.
10
Let h = -47 + 69. Suppose -h + 86 = 2*z. What is the highest common factor of z and 8?
8
Let z be -1*5*(-32)/10. Let i(p) = -2*p - 40. Let k be i(-21). Suppose -t + 6 = -k. What is the highest common divisor of z and t?
8
Let l(a) be the first derivative of -a**4/4 + 2*a**3 - 3*a**2/2 - 2*a + 3. Let m = 39 - 36. Let g be l(m). Calculate the highest common factor of 4 and g.
4
Let q be (2 - 9)*(-16)/7. What is the highest common divisor of 12 and q?
4
Suppose 456*g = 463*g - 9100. What is the highest common divisor of 100 and g?
100
Suppose 760 = 3*c + 4*i, -2*c - 5*i = -6*c + 1065. Let k = 501 + -449. Calculate the highest common divisor of k and c.
52
Suppose 4*u - 19 = 5. Suppose 4 = 2*p - r, 0*r + 3*r = 3*p. Let c be p/10 + (-352)/(-20). Calculate the highest common divisor of u and c.
6
Let x = -98 - -103. Let c be (x*(-7 + 6))/(2/(-70)). What is the highest common factor of 25 and c?
25
Suppose w = -15*n + 11*n + 11, 11 = w - 2*n. Suppose -t = -0*t. Suppose -2*z + 171 = 5*j, -j - 2*j - 3 = t. Calculate the greatest common divisor of z and w.
11
Let d be 6/(-18) - (-14)/6. Let a be 14/6 - d/(-3). Suppose 0 = 4*u - 0*u + 2*c - 82, -2*c = a*u - 61. What is the highest common factor of 7 and u?
7
Suppose -260 = -l + 5*v, 0 = 5*l - 16*v + 19*v - 1272. Calculate the highest common divisor of l and 85.
85
Let f(h) = -9*h**3 - 2*h**2 + h - 2. Let d be f(-3)